8 = 0, 0 = n*i - 2*r - 328. Is i a prime number?
False
Suppose 9 + 225 = 6*o. Is o composite?
True
Let k = 24 - 21. Suppose -3*r + t - 2*t = -249, -4*r + k*t + 332 = 0. Is r a composite number?
False
Let u(o) = -69*o + 3. Let h be u(-2). Let z = 199 - h. Is z a prime number?
False
Let w be (-20)/(-6)*(-15)/(-10). Suppose -5*p - 105 + 1066 = -3*a, -w*p + 959 = -2*a. Is p a composite number?
False
Suppose -2*r - 110 = -2*i - 484, 5*r = -i + 923. Is r a prime number?
False
Suppose 4*p - 2*m + 7*m = 2140, 3*p = 3*m + 1605. Is p prime?
False
Suppose 264 + 729 = 3*i. Is i composite?
False
Let o(w) = 2*w - 1 + 2*w + 0. Let k be o(1). Suppose 4*b + 3*x - 75 = 0, 4*x - 39 = -k*b + 12. Is b prime?
False
Is ((-76)/6)/((-7)/21) a prime number?
False
Let k be (5/5)/(0 + -1). Let f = 1 - k. Suppose -f*t - 4*o = -206, t - o - 83 = 2*o. Is t a prime number?
False
Suppose -2058 = -4*o - 5*v, -5*o - 5*v = -832 - 1743. Is o a prime number?
False
Let z(w) = -17*w**3 + 4*w**2 - w - 1. Is z(-6) a prime number?
True
Suppose -7*f + 9*f - 826 = 0. Is f a composite number?
True
Suppose 0 = 2*l - 7*l + 255. Is l a prime number?
False
Let d be (6/4)/(15/260). Let r = d + 9. Is r a composite number?
True
Let v(z) = 166*z + 15. Is v(4) prime?
False
Is (-7)/(-14) + (-381)/(-2) prime?
True
Let o(h) = 40*h**2 + 3*h + 2. Let p be 5 - (3 + 1 + -2). Is o(p) composite?
True
Is 2/(-8)*-6*(-638)/(-3) a prime number?
False
Is 1/1 - (-160 - -4) a prime number?
True
Let f(k) = -4*k**3 + 2*k**2 + 1. Let c be f(3). Let y = 148 + c. Is y a composite number?
False
Let j(a) = 176*a - 7. Is j(3) prime?
True
Suppose -4*r + 6*r = 4464. Suppose -3*s + 0*s = -r. Let f = s + -451. Is f prime?
True
Suppose 0 = -5*a + 88 - 993. Let j = -62 - a. Is j composite?
True
Let x = -12 + 18. Let w(u) = 5*u**2 + 5*u + 1. Is w(x) prime?
True
Let i(b) = 7*b**2 + 17*b - 1. Is i(-19) a composite number?
False
Suppose 11 = 2*f - 5. Suppose -2 = 3*c - 2*u - 12, 0 = 5*c + u - f. Suppose c*a - 196 = -2*a. Is a composite?
True
Suppose 6 = 4*z - 18. Suppose -2 = 2*d - z. Suppose -r + d + 13 = 0. Is r a prime number?
False
Let f(y) = 1 - 3*y + 7*y**2 + 4*y**2 - 1. Let c be f(-4). Suppose 0*p + c = 4*p. Is p a composite number?
False
Let k = -1909 + 3468. Is k composite?
False
Let z(c) = c**3 - 9*c**2 + 10*c - 12. Suppose 2*b - 16 = -0*b. Let l be z(b). Suppose -l*i - 169 = -5*i. Is i a prime number?
False
Suppose -12 = -o - o + 4*n, -4*o = -n - 31. Suppose 4*g + 5*k = 5 + 5, -3*g - o = -4*k. Suppose 3*m - 5*m + 70 = g. Is m prime?
False
Suppose 2*a + 8 = -4. Is 184/12*a/(-4) composite?
False
Let l = -10 + 14. Suppose l*v + 12 - 4 = 0. Let j(m) = -35*m + 1. Is j(v) prime?
True
Suppose -2*q - 3*h = 3*q - 73, 2*h = -q + 9. Suppose 4*x = -5*y - 45, 0 = -4*y + 9*y - 5*x. Is (-4)/10 - q/y composite?
False
Suppose 2*v - 4 = -g - 0, 4*g = 4*v - 8. Let l be -8 - (2 + g - 2). Is (-170)/l + (-4)/16 a prime number?
False
Suppose -u - 2*u = -21. Suppose -3*t = -2*t - u. Is t a prime number?
True
Let x(w) = w**3 + 2*w**2 - 7*w + 9. Let n(p) = p**3 + 3*p**2 - 7*p + 10. Let v(f) = -4*n(f) + 5*x(f). Let r be v(4). Is (-414)/(-8) - r/12 a composite number?
True
Let t = 54 + -33. Let m be ((-33)/(-9) + -1)*t. Suppose m = 5*i - i. Is i a prime number?
False
Suppose 3*y + 1 + 14 = 0, 5*c - 5 = -y. Let r be 1 - c - 0 - -276. Suppose 5*m - 5*w = -0*w + r, 0 = w + 2. Is m a prime number?
True
Suppose -6*i - 2*y + 636 = -2*i, 3*i - 463 = -5*y. Is i composite?
True
Is ((-16230)/9)/(2/(-3)) composite?
True
Let z(u) = 19*u**2 - 12*u - 3. Is z(12) a prime number?
False
Let d(a) = -47*a**2 + a + 4. Let u be d(-2). Is 1/(-4) - u/8 composite?
False
Let y(c) = -c + 8. Let k be y(6). Let u(j) = 21*j**2 + j + 1. Is u(k) a composite number?
True
Let l = 984 + -55. Is l composite?
False
Suppose -4*z + 10 = -5*w, 2*z = -3*w - 4 - 2. Suppose 5*d + 66 = 506. Suppose -5*g + 3*m = m - 401, z = -g + 3*m + d. Is g a prime number?
True
Let s = 8 + -7. Let p be (4 - 2 - -1) + s. Suppose 0 = p*b - 60 - 16. Is b a prime number?
True
Let c = 5 + -9. Suppose 3*x - 26 = 16. Is 690/x + c/14 a prime number?
False
Let v be (-9 - -4)*2/(-5). Suppose -3*t - v*a + 295 = 0, -a = -4*a + 15. Is t prime?
False
Let b(k) = k + 4. Let y be b(-2). Suppose y*v - 5*v = -9. Suppose -245 = -5*x - v*r, -2*x + 98 = 2*r - r. Is x prime?
False
Let p = -22 + 36. Is p prime?
False
Suppose -h = 3*i - 5026, -490 = 5*i + h - 8866. Suppose -11*w = -6*w - i. Is w a composite number?
True
Is 6285/25 + 14/(-35) prime?
True
Let l be 15/6*5*2. Let h = l - -22. Is h composite?
False
Let g(m) = m + 14. Let l be g(0). Let o = -8 + l. Suppose 3*c + o - 75 = 0. Is c prime?
True
Let s(u) = u - 1. Let a(f) = 21*f**2 + 15*f - 3. Let n(x) = a(x) - 6*s(x). Let i(l) = -11*l**2 - 5*l - 2. Let g(d) = 5*i(d) + 3*n(d). Is g(-3) prime?
False
Let z(u) = u**3 - 5*u**2 - 4*u - 6. Let r be z(6). Let y(s) = s - 6. Let f be y(r). Let a(b) = -b + 51. Is a(f) composite?
True
Suppose -17 + 54 = s. Is s prime?
True
Let j(t) = -t**2 - 6*t - 3. Let h be j(-5). Suppose -2*w - 5*b - 51 = -5*w, h*w - b = 41. Is w composite?
True
Suppose 5*v - 4*p - 16 = -53, 2*v + 2*p = -22. Is (-2)/v - (-10129)/63 a prime number?
False
Let y = 5 - 7. Let m(l) = 60*l - 2. Let n be m(y). Let g = n - -189. Is g a composite number?
False
Let b(y) be the third derivative of 0*y - 7/60*y**5 - 1/120*y**6 + 0 - 11/6*y**3 - y**2 + 0*y**4. Is b(-8) a prime number?
True
Let r = 5 - 1. Suppose g + 2615 = -r*g. Let o = -360 - g. Is o composite?
False
Is 750/24 + 2/(-8) composite?
False
Suppose -3*m + 184 = m. Let p = m - -31. Is p composite?
True
Let r(f) = -411*f + 10. Is r(-9) prime?
True
Is (-10)/4*(6 + (-704)/5) prime?
True
Let j(c) = 27*c + 7. Let v be j(6). Let g = v - 90. Is g a composite number?
False
Suppose -5 - 8 = -5*y + 3*t, 4*t - 16 = 0. Suppose q - 4 = -3*u + 2*q, 5*u + y*q = -20. Suppose u*m = -m + 34. Is m a prime number?
False
Let m be 2*(-4 - -3) - -3. Is -223*1/m*-1 composite?
False
Let s be (0*2/2)/(-2). Let m be 2 + s + 0 + 1. Suppose 0*g - 255 = -3*g - 2*n, 0 = -m*n + 9. Is g prime?
True
Suppose -3*f - 4 = -3*x - 16, -2*f - 2*x + 16 = 0. Suppose -n + 20 = -f*n. Is 12*3/(2 - n) prime?
False
Suppose -3*x + 3*g + 20 = -g, 5*g - 45 = -5*x. Suppose -x*q + 4458 = -2*q. Is q a prime number?
True
Let a(s) = -14*s - 1. Let i be ((-4)/6)/((-1)/6). Let c = 0 - i. Is a(c) a composite number?
True
Suppose y + 9 = -0*y. Is ((-46)/(-4))/(y/(-36)) composite?
True
Suppose -15*o + 12*o + 633 = 0. Is o composite?
False
Let a = -722 - -2379. Is a prime?
True
Suppose -f - 2*d - 95 = -516, d = 3*f - 1242. Is f a composite number?
True
Let c(k) = -k**2 + 6*k - 8. Let q be c(6). Let s = q - -21. Suppose 220 = 3*t - 4*l + s, 3*l - 251 = -4*t. Is t prime?
False
Suppose w - 2605 = -4*w. Is w a composite number?
False
Is 6610/130 + 4/26 a prime number?
False
Let w(g) = 4*g**3 + 3*g**2 - 8*g - 1. Is w(4) a composite number?
False
Let h be (-155)/55 + 4/(-22). Let l = 5 + h. Suppose -l*j + 3*j = 15. Is j a composite number?
True
Suppose 13 = -3*h - 2*p, 5*h + p + 4 = 4*h. Let b = 2 - h. Is b a prime number?
True
Let b = -1463 + 4536. Is b prime?
False
Suppose 0*s = -s + 30. Let d = -17 + s. Is d a prime number?
True
Let d(k) = 150*k + 19. Is d(7) prime?
True
Let b = 77 - -180. Is b prime?
True
Let n = -14 + -30. Let m = n - -99. Is m a prime number?
False
Let c be 1/(1/8) - -2. Let h be 676/c + 6/15. Suppose 2*t - h = 4*i - 6, -2*t + 5*i = -66. Is t a composite number?
False
Suppose 3*b - 1174 - 857 = 0. Is b prime?
True
Suppose 0 = 4*i + 5*c - 229, i - c - 46 = -0*i. Is i composite?
True
Let o = -166 + 617. Is o a prime number?
False
Suppose 0 = s + s - 2, -3*b + 3*s + 264 = 0. Is b composite?
False
Let w(r) = -942*r + 7. Is w(-3) prime?
True
Let u = 32 + 3. Is 4/14 - (-8145)/u prime?
True
Let q(p) be the first derivative of -41*p**2 + p + 1. Is q(-1) composite?
False
Let h(p) = p + 3. Let k be h(-6). Is -669*k/9*1 a prime number?
True
Let h = -6 + 5. Let t be ((-3)/(-2))/(3/6). Is (h + -144)*t/(-5) a prime number?
False
Suppose 0 = 6*s - 8*s + 4. Suppose -s*o = -43 - 267. Is o composite?
True
Let o = 15 - 7. Suppose 5*l = 2 + o. Suppose 0 = -5*f - 2*j - l*j + 345, 2*f + 2*j = 140. Is f a prime number?
False
Let x be (-2)/(-10) + (-4)/(-5). Let f be (99/15 + x